{"id":8,"date":"2025-02-23T16:06:50","date_gmt":"2025-02-23T15:06:50","guid":{"rendered":"http:\/\/pinoccp.cluster021.hosting.ovh.net\/?page_id=8"},"modified":"2026-01-29T08:38:57","modified_gmt":"2026-01-29T07:38:57","slug":"accueil","status":"publish","type":"page","link":"https:\/\/pinocchio-et-cie.com\/","title":{"rendered":"Accueil"},"content":{"rendered":"\n<div class=\"wp-block-columns has-black-background-color has-background is-layout-flex wp-container-core-columns-is-layout-9d6595d7 wp-block-columns-is-layout-flex\">\n<div class=\"wp-block-column is-vertically-aligned-center has-black-background-color has-background is-layout-flow wp-block-column-is-layout-flow\">\n<div class=\"has-white-color has-black-background-color has-text-color has-background has-link-color has-medium-font-size\" style =\"margin-top:5%;margin-left:15%;\"><strong>Pinocchio &amp; Cie<\/strong><br>Boutique sp\u00e9cialis\u00e9e de jouets<br\/> et jeux \u00e0 Alen\u00e7on<br><br\/><\/div>\n<!-- <div style=\"color:#d4423E;margin-left:15%;\"><b>\nNous sommes en cong\u00e9s du 11\/01\/2026 au 26\/01\/2026<br\/>\u00c0 tr\u00e8s vite, l'\u00e9quipe Pinocchio<\/b>\n<\/div>-->\n<\/div>\n\n\n\n<div class=\"wp-block-column is-vertically-aligned-center has-black-background-color has-background is-layout-flow wp-block-column-is-layout-flow\"><div class=\"wp-block-image\">\n<figure class=\"aligncenter size-large\"><img loading=\"lazy\" decoding=\"async\" width=\"1024\" height=\"576\" src=\"https:\/\/pinocchio-et-cie.com\/wp-content\/uploads\/2025\/02\/20250222_173746-1024x576.jpg\" alt=\"\" class=\"wp-image-13\" srcset=\"https:\/\/pinocchio-et-cie.com\/wp-content\/uploads\/2025\/02\/20250222_173746-1024x576.jpg 1024w, https:\/\/pinocchio-et-cie.com\/wp-content\/uploads\/2025\/02\/20250222_173746-300x169.jpg 300w, https:\/\/pinocchio-et-cie.com\/wp-content\/uploads\/2025\/02\/20250222_173746-768x432.jpg 768w, https:\/\/pinocchio-et-cie.com\/wp-content\/uploads\/2025\/02\/20250222_173746-1536x864.jpg 1536w, https:\/\/pinocchio-et-cie.com\/wp-content\/uploads\/2025\/02\/20250222_173746-2048x1153.jpg 2048w\" sizes=\"auto, (max-width: 1024px) 100vw, 1024px\" \/><\/figure>\n<\/div><\/div>\n<\/div>\n\n\n\n<div class=\"wp-block-group grillecontact has-x-large-font-size is-layout-grid wp-container-core-group-is-layout-e7c6ae50 wp-block-group-is-layout-grid\">\n<div class=\"wp-block-columns is-layout-flex wp-container-core-columns-is-layout-9d6595d7 wp-block-columns-is-layout-flex\">\n<div class=\"wp-block-column blocadresse blocpourtrait has-medium-font-size is-layout-flow wp-block-column-is-layout-flow\">\n<i class=\"fa-solid fa-house\"><\/i>\n<p><b>La boutique<\/b><br\/>\n14 Rue du pont neuf<br\/>\n61000 Alen\u00e7on<\/p>\n<\/div>\n<\/div>\n\n\n\n<div class=\"wp-block-columns is-layout-flex wp-container-core-columns-is-layout-9d6595d7 wp-block-columns-is-layout-flex\">\n<div class=\"wp-block-column blocadresse blocpourtrait has-medium-font-size is-layout-flow wp-block-column-is-layout-flow\">\n<i class=\"fa-solid fa-clock\"><\/i>\n<p><b>Horaires<\/b><br\/>\nDu mardi au samedi<br\/>\n10h-13h et 14h30-19h\n<!--<br\/><br\/>\n <div style=\"color:#d4423E;\"><b>\nNous sommes en cong\u00e9s du 11\/01\/2026 au 26\/01\/2026<br\/>\u00c0 tr\u00e8s vite, l'\u00e9quipe Pinocchio<\/b>\n<\/div> -->\n<\/div>\n<\/div>\n\n\n\n<div class=\"wp-block-columns is-layout-flex wp-container-core-columns-is-layout-9d6595d7 wp-block-columns-is-layout-flex\">\n<div class=\"wp-block-column blocadresse has-medium-font-size is-layout-flow wp-block-column-is-layout-flow\">\n<i class=\"fa-solid fa-address-card\"><\/i>\n<p><b>Contact<\/b><br\/>\npinocchio61@orange.fr<br\/>\n+(33)2 33 26 63 42<\/p>\n<\/div>\n<\/div>\n<\/div>\n\n\n\n<p><\/p>\n","protected":false},"excerpt":{"rendered":"<p>Pinocchio &amp; CieBoutique sp\u00e9cialis\u00e9e de jouets et jeux \u00e0 Alen\u00e7on La boutique 14 Rue du pont neuf 61000 Alen\u00e7on Horaires Du mardi au samedi 10h-13h et 14h30-19h Contact pinocchio61@orange.fr +(33)2 33 26 63 42<\/p>\n","protected":false},"author":1,"featured_media":0,"parent":0,"menu_order":0,"comment_status":"closed","ping_status":"closed","template":"","meta":{"footnotes":""},"class_list":["post-8","page","type-page","status-publish","hentry"],"_links":{"self":[{"href":"https:\/\/pinocchio-et-cie.com\/index.php?rest_route=\/wp\/v2\/pages\/8","targetHints":{"allow":["GET"]}}],"collection":[{"href":"https:\/\/pinocchio-et-cie.com\/index.php?rest_route=\/wp\/v2\/pages"}],"about":[{"href":"https:\/\/pinocchio-et-cie.com\/index.php?rest_route=\/wp\/v2\/types\/page"}],"author":[{"embeddable":true,"href":"https:\/\/pinocchio-et-cie.com\/index.php?rest_route=\/wp\/v2\/users\/1"}],"replies":[{"embeddable":true,"href":"https:\/\/pinocchio-et-cie.com\/index.php?rest_route=%2Fwp%2Fv2%2Fcomments&post=8"}],"version-history":[{"count":108,"href":"https:\/\/pinocchio-et-cie.com\/index.php?rest_route=\/wp\/v2\/pages\/8\/revisions"}],"predecessor-version":[{"id":561,"href":"https:\/\/pinocchio-et-cie.com\/index.php?rest_route=\/wp\/v2\/pages\/8\/revisions\/561"}],"wp:attachment":[{"href":"https:\/\/pinocchio-et-cie.com\/index.php?rest_route=%2Fwp%2Fv2%2Fmedia&parent=8"}],"curies":[{"name":"wp","href":"https:\/\/api.w.org\/{rel}","templated":true}]}}